 is 1 - 103316?
-103315
In base 2, what is -11101110 + 1000?
-11100110
In base 12, what is -39 + -4?
-41
In base 9, what is 5432 + -120?
5312
In base 4, what is -33302 - -21003?
-12233
In base 16, what is fbbc + -1d?
fb9f
In base 3, what is -111200200 - 11?
-111200211
In base 7, what is 52 + 46235?
46320
In base 15, what is 9343 - -1?
9344
In base 14, what is 6aa + 1bc?
888
In base 7, what is -46555 + 36?
-46516
In base 13, what is 28 + -4c1?
-496
In base 3, what is -1 + 20120020101?
20120020100
In base 13, what is -23119 + 0?
-23119
In base 2, what is 101 + 11100011010010011?
11100011010011000
In base 10, what is -16 + 25104?
25088
In base 15, what is 34 + 8a?
be
In base 16, what is 5 + 13d50?
13d55
In base 13, what is -24b1 - -1a1?
-2310
In base 16, what is 2 - 10edd?
-10edb
In base 16, what is 5e + ee?
14c
In base 12, what is 1803 + 8?
180b
In base 12, what is 142 + -73b?
-5b9
In base 3, what is -20201122100 + 11?
-20201122012
In base 15, what is 0 - -230c?
230c
In base 4, what is -2123322 - 2100?
-2132022
In base 10, what is 20237 + -2?
20235
In base 12, what is -5 - -578?
573
In base 9, what is -243 - -235?
-7
In base 6, what is 1 + -1423154?
-1423153
In base 7, what is -62524 + -5?
-62532
In base 10, what is 233 - -367?
600
In base 12, what is 2027119 + 1?
202711a
In base 14, what is -8 + -196d?
-1977
In base 2, what is -10101110110011 + -1011?
-10101110111110
In base 7, what is -4 + 110311?
110304
In base 16, what is e51a - 2?
e518
In base 15, what is 6 + a712a?
a7131
In base 8, what is 476 + 517?
1215
In base 2, what is -110001011111100110 - 10100?
-110001011111111010
In base 11, what is 1238 + -9?
122a
In base 14, what is -4 - 85cb?
-85d1
In base 6, what is -2 - -202010?
202004
In base 9, what is -7133 + -12?
-7145
In base 7, what is 1340 - -5?
1345
In base 4, what is 113001102 - 2?
113001100
In base 13, what is 1c51cb5 - -4?
1c51cb9
In base 7, what is 2051221 + 3?
2051224
In base 9, what is -1 + -245268?
-245270
In base 14, what is 44c - 3?
449
In base 12, what is 2283 - -8b5?
2b78
In base 12, what is -6727 - 69?
-6794
In base 11, what is -16360 + -21?
-16381
In base 13, what is -410 - -b?
-402
In base 15, what is 474 + -3c?
437
In base 5, what is -1033 - -132?
-401
In base 2, what is -100 + -11110001111100001?
-11110001111100101
In base 7, what is -16 - 36524?
-36543
In base 9, what is -1181 + 812?
-268
In base 3, what is 1201102002011 - -1?
1201102002012
In base 7, what is 10 - 1322?
-1312
In base 16, what is -5 + -2fcb9?
-2fcbe
In base 14, what is 1 + 163593?
163594
In base 7, what is 5663 - -10?
6003
In base 8, what is 1030741 - -11?
1030752
In base 3, what is -10202222201 - -10?
-10202222121
In base 3, what is -22120010001 + -12?
-22120010020
In base 11, what is -11 - 2a9?
-30a
In base 11, what is -1 - 22?
-23
In base 3, what is -101112 - 121110?
-222222
In base 2, what is 10 + 1010001000001110111?
1010001000001111001
In base 12, what is -585a + -3?
-5861
In base 14, what is 26377 + 1?
26378
In base 8, what is -2112 - 740?
-3052
In base 5, what is 411120 + 3402?
420022
In base 11, what is 2aa80a4 + 3?
2aa80a7
In base 12, what is 16a7 - -1b?
1706
In base 11, what is 6244 - 4?
6240
In base 3, what is -21201210100210 - -10?
-21201210100200
In base 7, what is -62243 - -1?
-62242
In base 14, what is -1b - -a?
-11
In base 7, what is 316 + 5466?
6115
In base 5, what is 120 + 32314?
32434
In base 3, what is -120 - 21120021?
-21120211
In base 16, what is 3 + 50a8?
50ab
In base 7, what is 26 - 21?
5
In base 6, what is 134344402 - -4?
134344410
In base 3, what is -1 + 122101001?
122101000
In base 4, what is 2 - -221002?
221010
In base 12, what is 1918a + 95?
19263
In base 16, what is 2afeba - 5?
2afeb5
In base 13, what is baa0 + 52?
bb22
In base 4, what is 3 - 3000021?
-3000012
In base 16, what is 7cb + -6?
7c5
In base 15, what is b4 - 5ac?
-4e8
In base 14, what is -1505a + 4?
-15056
In base 10, what is -1 + 846?
845
In base 15, what is 1 - 51122?
-51121
In base 12, what is -18 + -153?
-16b
In base 6, what is -2540 - 3501?
-10441
In base 15, what is 108 + 3295?
339d
In base 13, what is -31 + 1886?
1855
In base 4, what is -1101 + 12320303?
12313202
In base 16, what is cb + 9f9?
ac4
In base 5, what is -434232 + -1?
-434233
In base 12, what is b5 + -2220?
-2127
In base 3, what is -1101202201102 + 10?
-1101202201022
In base 2, what is -101 + 11110001000010?
11110000111101
In base 11, what is -630 + -75?
-6a5
In base 9, what is -26 + -2260?
-2286
In base 6, what is -1305011 - 0?
-1305011
In base 12, what is -5 + -12a995?
-12a99a
In base 11, what is 8737 + 0?
8737
In base 3, what is 1210122101 - 10221?
1210111110
In base 2, what is 1110 - -1010100010010?
1010100100000
In base 13, what is 316 - -65c?
975
In base 7, what is -2 - 1303315?
-1303320
In base 16, what is 399ab - 1?
399aa
In base 5, what is -330223 - -3132?
-322041
In base 4, what is 2111 - -1323?
10100
In base 6, what is 3 + 121140?
121143
In base 4, what is 30 + -312012?
-311322
In base 7, what is 5132510 - 5?
5132502
In base 4, what is 1232101 - 20?
1232021
In base 7, what is 3656046 - -4?
3656053
In base 2, what is 11011 - 111101111?
-111010100
In base 10, what is -10 + 7172?
7162
In base 14, what is 121d3 - 5?
121cc
In base 10, what is 5 - -362935?
362940
In base 5, what is 2 - 3304434?
-3304432
In base 7, what is 4350600 - -4?
4350604
In base 8, what is 510 + 1?
511
In base 4, what is 22323 + -132?
22131
In base 12, what is 41 + 206?
247
In base 12, what is -43 + -7a52?
-7a95
In base 16, what is 1ab + 16c?
317
In base 16, what is 2 - -2cbe4?
2cbe6
In base 9, what is 27576 - 20?
27556
In base 4, what is 1021 - -32221?
33302
In base 12, what is -98 - 8b15?
-8bb1
In base 11, what is -9 - 586?
-594
In base 3, what is -20022 - -100220?
10121
In base 14, what is -ba1 - 6a?
-c2b
In base 6, what is 25341 + -23?
25314
In base 12, what is -2 + 17a44?
17a42
In base 8, what is 13 - -35522?
35535
In base 11, what is -872 + 15?
-858
In base 12, what is -5 + 3ab75?
3ab70
In base 14, what is d4 - 115?
-21
In base 10, what is 2845 - -26?
2871
In base 8, what is 1 - -36407?
36410
In base 6, what is -50 - 5?
-55
In base 11, what is -a190a + 5?
-a1905
In base 16, what is 22c0c + -5?
22c07
In base 4, what is 233 - 132030?
-131131
In base 3, what is -1 - -22120210?
22120202
In base 8, what is 5 + -5647?
-5642
In base 14, what is -2 + 156d6?
156d4
In base 9, what is 136158 - 5?
136153
In base 4, what is -11 + 3001330?
3001313
In base 5, what is -430434 - 1420?
-432404
In base 7, what is -5 + 656260?
656252
In base 5, what is -1200424 - 3?
-1200432
In base 13, what is 423 + -1a?
406
In base 9, what is -71 + -6773?
-6854
In base 7, what is -421335 - -1?
-421334
In base 16, what is -1ffa - 62?
-205c
In base 16, what is 1 - 9f80?
-9f7f
In base 7, what is 422 - -6546?
10301
In base 9, what is 6631 - -281?
7022
In base 12, what is 466b883 - 4?
466b87b
In base 13, what is -5 - -54c8?
54c3
In base 6, what is 14 - 455533?
-455515
In base 2, what is -101101011101110011110 - 1?
-101101011101110011111
In base 2, what is -101010011100 + 101000?
-101001110100
In base 5, what is 24244 - -31?
24330
In base 12, what is -7 - 3b610?
-3b617
In base 12, what is 4 - -6335?
6339
In base 13, what is -4b + 441?
3c3
In base 8, what is -7237 + 555?
-6462
In base 12, what is -42b63 + -5?
-42b68
In base 14, what is 111c + 5?
1123
In base 16, what is 1d19 + 62?
1d7b
In base 16, what is -5 - 42f26?
-42f2b
In base 12, what is -447a - a3?
-4561
In base 14, what is 5 + -7cb2?
-7cab
In base 16, what is abe3 + -3?
abe0
In base 7, what is 35316 + 244?
35563
In base 13, what is -197a1 - 8?
-197a9
In base 7, what is 423 + 264?
1020
In base 7, what is -4 + -1141303?
-1141310
In base 13, what is -9 - -40017?
4000b
In base 12, what is 10 - 1540?
-1530
In base 9, what is 4 - -31857?
31862
In base 8, what is 2 + -156141?
-156137
In base 2, what is -10 + -10110001000100?
-10110001000110
In base 13, what is -1469 + 48?
-1421
In base 3, what is -2 - -2010211000?
2010210221
In base 11, what is -23 + 2587?
2564
In base 9, what is 2147 - -1175?
3333
In base 8, what is 557 + -535?
22
In base 6, what is 311 - -125453?
130204
In base 2, what is -10110110010 + -10101011?
-11001011101
In base 4, what is -10 - -100020?
100010
In base 13, what is 157 - -